est common divisor of s and 7.
1
Let o = 1 - -4. Suppose 5*a = o + 125. Suppose -4*r + 76 = z, r - z + 3*z = a. Calculate the greatest common factor of r and 162.
18
Suppose 2*l - 12 = 36. Suppose -l = -6*w + 2*w. Let b be w/27 + 115/9. What is the greatest common factor of b and 13?
13
Let k(v) = -v**3 + 12*v**2 - 8*v + 13. Suppose -s = -4*a + 37, -a + 3*s + 11 = a. Let l be k(a). Calculate the greatest common divisor of l and 19.
19
Suppose -39*d + 33*d = -270. What is the greatest common factor of 36 and d?
9
Suppose -3*x - 512 = -3*k - k, 0 = 4*k - x - 512. What is the highest common divisor of k and 32?
32
Let t be (29/(-3))/((-2)/6). Let b = t + -9. Let k(h) = h**2 - 5. Let c be k(-5). Calculate the highest common factor of b and c.
20
Let j be (-1)/(4/6*(-7)/28). What is the highest common factor of 36 and j?
6
Let q be (-1)/((0 + 3)/(-9)). Suppose -3*f = 5*k - 75, -2*f + 4*f + 26 = q*k. What is the greatest common divisor of 18 and k?
6
Let u = 4 + -2. Suppose -x + 1 = -4*v + 6, 5*x = u*v + 47. Calculate the highest common factor of x and 22.
11
Let a(o) = -o - 8. Let w be a(-9). Let n be w*-2 + 0 - -7. Let s be (-13)/2*-2 - -2. Calculate the highest common factor of n and s.
5
Let a be -39*(-5)/15 - -1. What is the highest common divisor of a and 35?
7
Let x(t) = t**2 - 2*t + 1. Let i be x(3). Suppose i*y - 179 - 61 = 0. Calculate the greatest common divisor of y and 12.
12
Let h(a) = -6*a - 9. Let m(y) = -y**2 + 4*y - 6. Let f be m(4). Let v be h(f). Let u be 1 - -1 - 4 - -20. What is the greatest common divisor of u and v?
9
Let r(q) = q + 4. Let i be r(12). Calculate the highest common factor of 80 and i.
16
Suppose 2*k - 143 = -2*k + 5*m, 5*k - 2*m - 166 = 0. Calculate the greatest common factor of 160 and k.
32
Suppose 1 = -5*x + 6*x. Suppose -3*u + x = -5. Suppose -u*g + 21 = g. What is the highest common divisor of 56 and g?
7
Suppose -4*q = 5*m + 29 - 119, -18 = -m - 5*q. Calculate the highest common factor of 12 and m.
6
Suppose 18 = -3*k + k. Let y be (-1 + k/6)*-2. What is the greatest common divisor of y and 1?
1
Let n be 2 - (0/2 + -46). Let t be (7 - 1)*n/18. Calculate the greatest common factor of 16 and t.
16
Let s be 12/4 - -3*3. Let c(f) = 3*f - 11. Let k(b) = b - 4. Let u(h) = -6*c(h) + 17*k(h). Let y be u(-5). Calculate the greatest common divisor of y and s.
3
Suppose 5*j = 2*y + 91 + 86, 0 = 5*j - 3*y - 178. Calculate the highest common divisor of 5 and j.
5
Suppose 0*m = -4*m + 648. Suppose 2*p + p - m = -3*n, -5*n = -4*p + 234. What is the highest common factor of p and 7?
7
Let d = -6 + 13. Calculate the highest common divisor of d and 56.
7
Suppose 9*i - 81 = 99. Calculate the greatest common factor of 60 and i.
20
Let q be (-6)/((2/1)/(-8)). Suppose 0 = 5*k + 4*d - 7 - 13, 0 = k - d - 13. What is the greatest common divisor of q and k?
8
Let g be 2/(-3) - 33/(-9). Let p = g - 4. Let o be -3 + 6 - p/(-1). Calculate the highest common divisor of 5 and o.
1
Let l = 50 - 0. Calculate the greatest common divisor of l and 20.
10
Suppose 3*p + 3*q - 66 = 0, 0 = 4*q - 12. Suppose 4*g - 4*r = -0*r + 60, 3*g + 2*r = 65. Calculate the highest common divisor of p and g.
19
Suppose 0 = 2*y - 0*h - h - 19, 5*y - 43 = h. Suppose -y*i = -4*i - 68. Suppose 0*o = o - i. Calculate the highest common factor of 17 and o.
17
Suppose b + b + 4*a + 14 = 0, 1 = -a. Let i = b - -13. Suppose 0 = 4*f - 2*f - 128. Calculate the highest common divisor of i and f.
8
Let h(m) = -m + 9. Let n be h(9). Suppose n = -5*c - 5*t + 145, 2*c - 2*t - 70 = -0*t. What is the highest common divisor of 4 and c?
4
Suppose -4*b = -2*b - 6. Calculate the greatest common divisor of b and 45.
3
Suppose -2152 = 3*l - 7*l. Let r = -268 + l. Calculate the highest common divisor of 30 and r.
30
Suppose -4*q - 21 = 7. Let s = q - -12. Calculate the greatest common divisor of s and 35.
5
Let z be 12*(1/2)/(2/12). What is the greatest common divisor of z and 36?
36
Let s = 123 + -103. Suppose 3*x - u = -40, -x + 5*u - 17 = 15. Let n = x + s. Calculate the highest common divisor of 1 and n.
1
Let s(m) = -11*m - 7. Let h be s(-5). Let f be (-8)/(-6)*(-4)/8*-18. Calculate the greatest common divisor of h and f.
12
Let j = 141 + -120. What is the greatest common factor of 21 and j?
21
Let d = 0 + 1. Let x be -1*(-9)/3*d. Suppose x*c - 3*l = 36, -2*c = -c + 4*l - 22. Calculate the highest common divisor of c and 2.
2
Let i(y) = -7*y**3 - y**2 - 2*y - 2. Let r be i(-1). Calculate the highest common factor of 24 and r.
6
Suppose 5*f - d - 114 = 0, -f + 2*d - 3*d = -18. What is the greatest common factor of 33 and f?
11
Suppose 35 = -2*h + 7*h. Let j(c) = 2*c**2 - 9*c + 10. Let k be j(h). Suppose -6*d + 45 = -d. What is the highest common divisor of d and k?
9
Suppose 3 = 5*p - 12. Suppose 5*v - 43 = 2*h - 0*h, -p*v + 29 = -2*h. What is the greatest common divisor of 49 and v?
7
Let w be -1 - (16/(-2))/2. Let a = w + -3. Let f = a - -2. What is the greatest common divisor of f and 16?
2
Let g be ((-20)/15)/((-4)/6). Let f be 10 + (1 + 0 - g). Calculate the highest common divisor of 9 and f.
9
Let t be 11 + (1 - -2) + 1. Let f = 28 - t. What is the highest common divisor of f and 39?
13
Let r(x) = x**3 - 5*x**2 - 5*x - 5. Let a be r(6). Let d(t) = 7*t**2 - 3*t + 2. Let c be d(a). What is the greatest common factor of 48 and c?
6
Suppose -3*r + 4 = t - 0, 2*r + 88 = 5*t. Suppose 3*z = -z - t, z - 131 = -5*a. Suppose -4*x + a = -5. Calculate the greatest common divisor of x and 56.
8
Let v = 67 - 43. Suppose r = -4*m + 18, 2*m + m = 3*r - v. Let n = 17 - r. What is the highest common divisor of n and 14?
7
Let p(b) = -b + 25. Let r be p(13). What is the greatest common factor of 4 and r?
4
Let b = 10 - 24. Let w be (b/(-2))/(6 + -5). Calculate the greatest common factor of 7 and w.
7
Let d(j) = j**2 - 2*j - 1. Let b be d(-3). Let r be 43*(-2)/(-6) + (-11)/33. Calculate the highest common factor of r and b.
14
Let n be ((-23)/2 - 1)*(-2 + 0). Calculate the highest common divisor of 175 and n.
25
Suppose 20 = j + 2*j - 2*d, -8 = 3*j + 5*d. Calculate the highest common divisor of j and 12.
4
Let a(y) = y**2 - 2*y - 2. Let p = 2 - 5. Let w be a(p). Suppose -2*x + 264 = 4*z, 2*z + 31 - 151 = 5*x. What is the greatest common factor of z and w?
13
Suppose -5*h + 25 = 0, 0 = -6*b + 3*b - 3*h + 27. Suppose 3*m + 21 = b*i - 49, -m - 17 = -i. What is the highest common divisor of 38 and i?
19
Suppose -3*u + 22 + 41 = 0. Calculate the greatest common divisor of u and 21.
21
Let b be (-2 + -6)/(2/(-17)). Suppose 0 = -2*g + 3*f + b, g = 5*g - f - 156. What is the highest common divisor of 20 and g?
20
Let r = 0 - -4. Suppose -v - 10 = r*v. Let u be (-90)/(-21) - v/(-7). What is the greatest common divisor of u and 16?
4
Suppose -3*v - 72 = c - 220, -3*c - 84 = -2*v. Let q be (-1*6/7)/((-4)/28). What is the highest common divisor of v and q?
6
Let r = -16 + 36. What is the highest common factor of r and 15?
5
Let j = 257 + -149. Let g(z) = z**3 + 3*z**2 - 5*z - 3. Let v be g(-3). Calculate the highest common divisor of v and j.
12
Let d(w) = w**3 + 4*w**2 - w. Let h be d(-3). What is the highest common divisor of h and 24?
12
Let y be (-4)/(-5) - (-121)/55. Suppose 0 = 2*m + 3*h - 3, 4*h = -5*m + 5 - 1. Let d be (m - -17) + y/1. Calculate the greatest common divisor of d and 10.
10
Suppose -y = 3*z - 36 - 3, -z - 2*y + 18 = 0. Suppose 7*a = 116 + 52. Calculate the greatest common factor of z and a.
12
Suppose -2*k = -4*r + 24, 3*k = 5 + 7. Calculate the greatest common factor of r and 16.
8
Suppose 7*y - 400 = 2*y. Calculate the highest common factor of y and 20.
20
Suppose 0 = -0*m + 4*m. Suppose -4*w - 4*o + 20 = m, 0*w + 2*o - 8 = -w. Calculate the greatest common divisor of w and 10.
2
Let t = 3 - 3. Let p(o) = o**2 + 6. Let n be p(t). Suppose 0 = 6*h - 2*h - 168. Calculate the greatest common divisor of h and n.
6
Let o = -4 - -4. Let j(n) = n**3 - n**2 + 275. Let v be j(o). Calculate the highest common factor of v and 25.
25
Let j be (-3 - 47)*2*-1. Let n = 58 + -33. What is the greatest common factor of j and n?
25
Let u = 340 + -180. Let a = -20 - -36. What is the greatest common divisor of a and u?
16
Let j = 225 - 213. What is the highest common factor of j and 96?
12
Suppos